1)?
3
What is the remainder when 48 is divided by -7 + 33 + -3 + 1 + 1?
23
Let j = 111 - 96. Calculate the remainder when j is divided by 7.
1
Suppose 5*i = i + 4. Let b(w) = -6*w + 5 + i - 1. What is the remainder when b(-7) is divided by 16?
15
Calculate the remainder when (-3 + (-65)/(-15))/((-2)/(-258)) is divided by 44.
40
Suppose -h + 25 = 4*n - 13, -h + 2*n = -20. Calculate the remainder when h is divided by 17 - 2 - (1 - 0).
12
Let w = -3 - -70. What is the remainder when w is divided by 37?
30
Let b(k) = -k**3 - 3*k**2 + k - 6. Suppose p = 4 + 6. Calculate the remainder when b(-5) is divided by p.
9
Let q(v) = -v**3 + 5*v**2 + 7*v + 1. Let h be q(6). Let x(r) = -7 - 5 + 1 + 3 + 3*r. What is the remainder when x(h) is divided by 8?
5
Suppose 2*i = 201 + 67. Suppose 5*q - i + 14 = 0. Calculate the remainder when q is divided by 9.
6
Suppose 3*i + i = -16, 0 = 2*u - 3*i - 20. Let w = 52 + u. Suppose 5*d - 19 = -y, 2*y + d + 57 = 5*y. Calculate the remainder when w is divided by y.
18
Suppose 0 = i - 4, 0 = 3*t + 3*i - 53 - 31. Suppose -3*v = v - t. Suppose -3*k + 5*k = v. Calculate the remainder when 8 is divided by k.
2
Let w(n) = n**2 + 7*n - 2. Let b be w(-9). What is the remainder when 62/8 + 4/b is divided by (1 - (-2)/4)*2?
2
Suppose 0*z = 5*z - 30. Suppose 2*m + p = z*p - 4, -p - 10 = -4*m. Suppose -m*x = b - 6, -b + 5*x = -0*b + 2. What is the remainder when 5 is divided by b?
2
Let w = -18 + 26. Suppose -2*z - 4 + w = 0. Calculate the remainder when z is divided by 2.
0
Suppose -3*h + 5 + 1 = 0. Suppose h*p = 1 + 23. Calculate the remainder when p is divided by (1/2)/((-1)/(-10)).
2
Let c(w) = 3*w**2 + w + 47. Let k(n) = -n**2. Let z(x) = c(x) + 2*k(x). What is the remainder when z(0) is divided by 12?
11
Suppose 4*f + 5*k - 26 = 2*f, 5*f - 34 = 3*k. Suppose 0 = 3*r - 5*r + 58. What is the remainder when r is divided by f?
5
Suppose 83 = 5*q - 7. Suppose q = z + z. What is the remainder when z is divided by 6?
3
Let g = -47 + 50. Calculate the remainder when 8 is divided by g.
2
Let k be 10*(3/2 + 1). Suppose 57 + k = 2*u. Calculate the remainder when u is divided by 11.
8
Let l be ((-36)/(-15))/((-3)/(-15)). Let s = 9 + l. Calculate the remainder when 82 is divided by s.
19
Suppose 37*y - 42*y = -20. Calculate the remainder when 33 is divided by y.
1
Let d be (2/(-4))/(-1)*6. Let o = 0 + d. What is the remainder when o is divided by -4 + (4 - -3) - (3 + -2)?
1
Let y be (-1 + 4)*1 + 0. Let t(n) = n + 4*n**2 - 9*n**2 - 4 + 6*n**2. What is the remainder when 31 is divided by t(y)?
7
Let c be -5*(-11 - -2) - 0. Let d = 91 - c. Calculate the remainder when d is divided by 16.
14
Let c = -6 + 8. Suppose a - 5*o - 23 = 0, -c*a + o + 32 = -2*o. Let s = 13 - 8. Calculate the remainder when a is divided by s.
3
Suppose 2*t + 33 = 3*g - 3*t, -g + 12 = -2*t. Calculate the remainder when 15 is divided by g.
3
Suppose 2*d - 3 = 3*d. Let m(b) = -b**2 + 3*b + b**3 + 5*b**2 - 4*b - 3. Calculate the remainder when m(d) is divided by 5.
4
Let z(s) = 13*s + 3. Calculate the remainder when z(3) is divided by 11.
9
Let m be -3*(2 - 14/6). Suppose 4*w + m = 25. What is the remainder when 11 is divided by w?
5
Let q = 1 - 6. Let d be q/(-2) + (-2)/4. Suppose 3*w + 4*b = -d*w + 63, 0 = -w - 5*b. What is the remainder when w is divided by 8?
7
Suppose -2*u = 4*v - 8, -u + 1 + 9 = 5*v. Suppose 27 = t - 5*d, -t - 3*d + 8 = 13. What is the remainder when t is divided by v?
1
Suppose t + 12 = 3*t. Suppose -3*k = -t*k + 372. Calculate the remainder when (0 - k/6)*-3 is divided by 21.
20
Let w(l) = l**2 + 5*l + 9. What is the remainder when w(-6) is divided by 9?
6
Let m = 3 + 4. Suppose y - 1 - m = 0. Suppose -4*k = 2 + 14, 3*z + 5*k + 11 = 0. Calculate the remainder when y is divided by z.
2
Suppose 34 = 3*f - 14. Let a = -19 + 48. Suppose -5*c + a + f = 0. What is the remainder when 26 is divided by c?
8
Let s(n) = n**2 + 4*n + 6. Calculate the remainder when s(-7) is divided by 15.
12
Let b(s) = 4*s - 3. What is the remainder when b(5) is divided by 9?
8
Let n = 162 + -76. What is the remainder when n is divided by 22?
20
Let a(i) = -i**2 + i + 1. Let y(q) = q**3 + 6*q + 7. Let m(z) = 5*a(z) - y(z). Calculate the remainder when m(-5) is divided by 1.
0
Suppose -2*n = n + 3*s - 33, -4*n + 5*s + 17 = 0. What is the remainder when 16 is divided by n?
0
Let h(n) = 2*n**2 - 3*n - 4. Let w be h(3). Suppose -w*d + 9 = -41. What is the remainder when 18 is divided by d?
8
Suppose k + 4*k = 370. Calculate the remainder when k is divided by 38.
36
Let m = -6 + -4. Let f = m - -11. Calculate the remainder when (3/(-2))/(2/(-4)) is divided by f.
0
Let s = 16 - 12. Calculate the remainder when 4 is divided by s.
0
Suppose 0 = -0*z - 2*z. Suppose z = 3*g + m - 122, 3*m + m - 201 = -5*g. Let c = 13 - -1. Calculate the remainder when g is divided by c.
13
Suppose r = 2*x + 1, -13 = x - 5*r + 10. Suppose -37*g + 32*g + 5 = 0. What is the remainder when -1*(x/(-2))/1 is divided by g?
0
Let h = -41 + 65. Suppose 0*x - 3*x = -h. What is the remainder when 10 is divided by 3*1*x/6?
2
Let b(d) = 4*d**2 - 7*d + 5. Let f be b(4). Let m = 10 + f. Calculate the remainder when m is divided by 13.
12
What is the remainder when (-1)/((-1350)/672 + 2) is divided by 38?
36
Let y = 272 - 174. Calculate the remainder when y is divided by 25.
23
Suppose 0 = -3*a + 38 - 11. Let z(c) = -c**3 + 7*c**2 - 8*c + 5. What is the remainder when z(5) is divided by a?
6
Let r(b) = -6*b**2 + 7*b - 1. Let y be r(7). What is the remainder when 21 is divided by y/(-21) - 4/(-14)?
9
Let s be 4*2/(-8)*-1. What is the remainder when (-2)/(-3)*(-276)/(-8) is divided by 1 + 12 + (-1)/s?
11
Suppose -273 = -3*c + 3*y, 3*y = -0*c + c - 91. Let f = -62 + c. What is the remainder when f is divided by 8?
5
Suppose -2*j + 461 = q, -5*j = -4*q + q - 1125. Calculate the remainder when j is divided by 23.
21
Suppose j - 21 = -2*j. Suppose g + 0*g = 20. What is the remainder when g is divided by j?
6
Calculate the remainder when 33 is divided by (-12)/8*(-2 - 6).
9
Let m(a) = -a**2 - 6*a - 3. Let i be m(-5). Suppose -i = c - 6. Calculate the remainder when 10 is divided by c.
2
Let d = -9 - -11. Suppose d*m = -m + 39. What is the remainder when 37 is divided by m?
11
Let k(g) be the first derivative of g**3/3 - 3*g**2/2 - 8*g + 5. Calculate the remainder when k(-6) is divided by 12.
10
Suppose 5*r = 4*r + 15. Calculate the remainder when r is divided by 5 + (1 - 4 - -6)/3.
3
Let s(r) = -r**2 - 10*r - 7. Let l be s(-10). Let g = l + 12. What is the remainder when 13 is divided by g?
3
Let w be (-9)/(-6)*4/2. Suppose -w*f - 2*f = -80. What is the remainder when 30 is divided by f?
14
Suppose -6*t + 3*t = -327. Calculate the remainder when t is divided by 28.
25
Let p = -27 + 136. Calculate the remainder when p is divided by 28.
25
Suppose 2*j = -3*j. Suppose 2*a - 4*a + 10 = j. Calculate the remainder when a is divided by ((-1)/2)/(2/(-8)).
1
Suppose -3*r + 0*r - 5*x = -5, 3*r - 3 = -3*x. Suppose r*u - 14 = -j - u, 5*j - 4*u = 97. Calculate the remainder when j is divided by 9.
8
Let d(q) = q**2 + 3. Let t be d(0). Suppose 3*b - 49 = -2*u, -t*u + 5*b = -2*u - 18. Calculate the remainder when u is divided by (1 - -10) + (0 - -1).
11
Let o(d) = d**2 + 2. Let s be o(-3). Let w(h) = -5*h - 66. Let g be w(-20). Let z = s + g. Calculate the remainder when z is divided by 12.
9
Let l = 7 - 4. Suppose 0*h = l*h - 33. What is the remainder when h is divided by 5?
1
Let w = -20 - -33. What is the remainder when 25 is divided by w?
12
Suppose 2*u = 152 + 16. Suppose -a + 122 = -3*x, x - a + 21 + 19 = 0. Let r = u + x. What is the remainder when r is divided by 15?
13
Let z = -8 + 12. Suppose -4 = -4*p + 4. Suppose -p*r = 2*c - 2, 0*c - r = -4*c + 14. Calculate the remainder when z is divided by c.
1
Let t = -2 - -4. Suppose s = 1 + t. Suppose -2*n + 175 = s*n. Calculate the remainder when n is divided by 12.
11
Let w = -9 - -24. What is the remainder when 43 is divided by w?
13
Suppose -a - 170 = -2*a. Let n = 19 - 13. Calculate the remainder when a/40*4*1 is divided by n.
5
Let j(g) = -3*g**2 + 23*g**2 + 1 + 14*g**2. Let q(s) = -13*s**3 + s. What is the remainder when j(-1) is divided by q(-1)?
11
Suppose -7*l = -4*l - 48. Wh